39897 composite?
True
Is 121569121 a prime number?
False
Is 309083 a composite number?
False
Is 2856515 prime?
False
Is 31537813 a prime number?
False
Is 145832263 a prime number?
False
Is 455921 a composite number?
False
Is 50016599 prime?
True
Is 7992607 prime?
False
Is 926377 a composite number?
False
Is 1114099 composite?
True
Is 7496774 composite?
True
Is 1053023 a prime number?
False
Is 86417809 prime?
True
Is 1746845759 a prime number?
True
Is 369839 composite?
True
Is 11740019 prime?
True
Is 12204953 a composite number?
False
Is 49089581 composite?
False
Is 99864923 a composite number?
True
Is 32369653 prime?
False
Is 75289 composite?
False
Is 22759769 composite?
False
Is 213878309 prime?
False
Is 258889559 a composite number?
False
Is 5024923 a prime number?
False
Is 149175091 composite?
True
Is 124493659 composite?
False
Is 105359831 a composite number?
True
Is 2780039 composite?
False
Is 2786153 a prime number?
True
Is 12887183 a composite number?
True
Is 8733511 composite?
False
Is 3368041 prime?
True
Is 742940543 composite?
True
Is 13791839 composite?
True
Is 213936451 prime?
False
Is 66072521 a prime number?
True
Is 2708213 prime?
True
Is 21504299 prime?
False
Is 26688529 a prime number?
False
Is 953563 prime?
False
Is 2574071 prime?
True
Is 504047 a composite number?
False
Is 34928443 a prime number?
False
Is 38802833 a prime number?
True
Is 8741063 a prime number?
False
Is 32353813 a composite number?
True
Is 100620397 a composite number?
False
Is 20473823 a prime number?
True
Is 19458259 a composite number?
True
Is 9837281 composite?
False
Is 2663887 a prime number?
True
Is 422095691 prime?
True
Is 20749493 a prime number?
True
Is 402258959 a composite number?
False
Is 3956401 a composite number?
False
Is 1344719 a composite number?
True
Is 5416751 a composite number?
False
Is 7135187 prime?
False
Is 318513917 a prime number?
False
Is 20312879 composite?
True
Is 28384709 a prime number?
True
Is 5924431 a composite number?
True
Is 61315577 a prime number?
False
Is 10574989 composite?
False
Is 6137581 prime?
False
Is 18316493 prime?
False
Is 15718117 prime?
True
Is 1726462 a prime number?
False
Is 114859 a composite number?
False
Is 70049 a composite number?
True
Is 134829949 prime?
True
Is 35437373 prime?
True
Is 12685031 a prime number?
False
Is 5562551 a composite number?
False
Is 1985167 a composite number?
False
Is 1347209 a composite number?
False
Is 3647229 a prime number?
False
Is 75933607 prime?
False
Is 9710266 a composite number?
True
Is 16193627 a prime number?
True
Is 2269999 composite?
True
Is 24806917 a composite number?
False
Is 508508447 composite?
True
Is 3089269 a composite number?
False
Is 8233241 a composite number?
True
Is 227727047 a composite number?
True
Is 27784307 prime?
False
Is 171603443 a prime number?
False
Is 2089847 a prime number?
True
Is 101915497 prime?
True
Is 4016093 prime?
True
Is 101176981 prime?
False
Is 6999 a prime number?
False
Is 27957 a prime number?
False
Is 29581009 a prime number?
True
Is 11645831 a prime number?
True
Is 33844997 composite?
False
Is 1219973 composite?
True
Is 56249 a composite number?
False
Is 140385709 composite?
False
Is 1767533 composite?
True
Is 5695153 a prime number?
False
Is 918083 a prime number?
False
Is 17936063 composite?
True
Is 605842 composite?
True
Is 732569 composite?
True
Is 19527751 a prime number?
False
Is 6593507 prime?
True
Is 1460923 a composite number?
False
Is 2070737 composite?
False
Is 46488581 a composite number?
False
Is 98986643 composite?
True
Is 55103551 a prime number?
True
Is 6103109 prime?
False
Is 225119 a composite number?
False
Is 147185431 prime?
False
Is 55697519 a composite number?
False
Is 116782 a composite number?
True
Is 51763673 prime?
False
Is 32147099 a prime number?
True
Is 20088631 composite?
False
Is 45014537 a prime number?
True
Is 178432883 a composite number?
False
Is 573317 prime?
True
Is 39515329 a composite number?
True
Is 53886713 composite?
False
Is 22612129 composite?
False
Is 5944111 a prime number?
False
Is 255074158 a prime number?
False
Is 23014237 a composite number?
True
Is 90738199 composite?
False
Is 179921 a prime number?
False
Is 515224555 prime?
False
Is 8622001 a prime number?
True
Is 318190933 prime?
False
Is 5325659 a prime number?
True
Is 142152919 prime?
True
Is 9565313 a prime number?
True
Is 49260079 prime?
False
Is 26746123 prime?
True
Is 5967609 composite?
True
Is 17476993 a composite number?
False
Is 239184343 a composite number?
False
Is 96553147 composite?
True
Is 20413691 a composite number?
True
Is 330483 a prime number?
False
Is 127515826 a composite number?
True
Is 144880531 a prime number?
False
Is 6973193 composite?
False
Is 2151439 prime?
False
Is 1231727 a prime number?
False
Is 57321701 composite?
False
Is 405182 prime?
False
Is 24183233 a composite number?
False
Is 383437319 a composite number?
True
Is 141968941 composite?
False
Is 156299081 composite?
False
Is 4187501 a composite number?
False
Is 21679562 a prime number?
False
Is 33422894 a composite number?
True
Is 4975241 composite?
False
Is 136539185 a composite number?
True
Is 170086165 a prime number?
False
Is 6341087 a prime number?
True
Is 48940597 prime?
True
Is 5064571 a composite number?
False
Is 8092541 a composite number?
False
Is 222347401 composite?
True
Is 63831767 prime?
True
Is 32608447 a composite number?
False
Is 1710716135 a composite number?
True
Is 1563501 a composite number?
True
Is 3387749 a prime number?
True
Is 162677287 a prime number?
True
Is 881953 a prime number?
True
Is 228481333 a prime number?
False
Is 1292831 prime?
True
Is 769912723 prime?
True
Is 27960719 a composite number?
False
Is 6092533 prime?
True
Is 883555921 a composite number?
False
Is 2587457 prime?
False
Is 563677735 composite?
True
Is 1454305 a prime number?
False
Is 16679957 composite?
True
Is 3585389 a prime number?
True
Is 58863289 prime?
True
Is 5891719 a composite number?
True
Is 1698503 a prime number?
False
Is 1724111 a composite number?
True
Is 10161133 a prime number?
True
Is 21309407 a prime number?
False
Is 11677931 a composite number?
True
Is 2193421 composite?
False
Is 490269341 a composite number?
True
Is 26538899 a composite number?
False
Is 988153 prime?
False
Is 41734267 a composite number?
True
Is 12520643 prime?
True
Is 582102995 a composite number?
True
Is 517903 prime?
False
Is 752749 a prime number?
False
Is 75679 a composite number?
False
Is 262069633 a prime number?
False
Is 25752751 a composite number?
False
Is 734422673 composite?
False
Is 709847335 a composite number?
True
Is 5814673 prime?
True
Is 4633103 prime?
False
Is 1468381 prime?
False
Is 1726507 a prime number?
False
Is 125507 composite?
False
Is 457567 prime?
False
Is 635279 prime?
True
Is 3459541 composite?
False
Is 7445741 a composite number?
True
Is 280114223 composite?
False
Is 1169033 prime?
False
Is 153493265 composite?
True
Is 16562597 a prime number?
True
Is 147854033 a prime number?
True
Is 403020129 prime?
False
Is 13362001 prime?
False
Is 62173147 prime?
True
Is 6672433 a prime number?
True
Is 15005981 prime?
True
Is 2179406 composite?
True
Is 34040597 prime?
True
Is 1235701 composite?
False
Is 51434429 a composite number?
True
Is 2820437 composite?
True
Is 79906193 a composite number?
False
Is 101261311 a prime number?
True
Is 7807273 composite?
False
Is 2005781 prime?
False
Is 1886809 a composite number?
False
Is 13936313 a prime number?
True
Is 32147023 prime?
False
Is 15802933 composite?
True
Is 725513579 prime?
False
Is 10324393 composite?
False
Is 637258 a composite number?
True
Is 2082827 a prime number?
True
Is 21249623 a composite number?
False
Is 42197861 a prime number?
True
Is 6704903 a prime number?
True
Is 3309659 a composite number?
False
Is 3114627 a composite number?
True
Is 9724537 composite?
True
Is 3448243 a prime number?
True
Is 1124381173 composite?
True
Is 6630727 composite?
True
Is 2755499 a prime number?
True
Is 1382279 composite?
False
Is 12448486 a prime number?
False
Is 46208621 prime?
True
Is 20403769 a prime number?
False
Is 28719809 a prime number?
False
Is 13476511 a prime number?
True
Is 3691699 prime?
False
Is 594227 composite?
False
Is 10455955 composite?
True
Is 204816457 composite?
False
